1. What is the ten thousands digit of w?
3
Let i(k) = 6*k - 96. Let p be i(16). What is the units digit of ((-6 - p)/1)/(1 - 3)?
3
Let j(q) = -2183*q**2 - 3*q + 4. Let h be j(1). Let i = h - -3816. What is the units digit of i?
4
Let f(o) = 45*o - 36. Let d(y) = -134*y + 109. Let w(z) = -3*d(z) - 8*f(z). Let s be 11*(-7 - 747/(-99)). What is the tens digit of w(s)?
1
Let m be ((-3)/(-9) - 1)*-6. Suppose 5*f - m*j = -2*j - 22, 0 = -3*f + 3*j - 6. What is the units digit of 32/48 + (-218)/f?
7
Let i(g) = -8*g - 5*g**3 + 4*g**3 - 7 - g**2 + 4*g**2 - 6*g**2. Let d = -131 - -126. What is the units digit of i(d)?
3
Let a(v) = -3 - 6 - 111*v + 260*v. What is the units digit of a(6)?
5
Suppose k = 80*j - 77*j + 13652, 5*k = -5*j + 68280. What is the tens digit of k?
5
Let j be ((-235)/20)/(8/(-32)). Suppose 5*z - 5*u + 0*u = 555, 5*z + 2*u = 562. Let a = z - j. What is the units digit of a?
5
Let v(n) be the third derivative of -n**6/120 - 17*n**4/24 - 17*n**3/6 - 143*n**2. What is the hundreds digit of v(-6)?
3
What is the thousands digit of 64/(244/(-660) + (-4)/(-10))?
2
Suppose g + 363*p - 364*p = 1421, 0 = -g - 3*p + 1421. What is the hundreds digit of g?
4
Let y(a) be the third derivative of -19*a**4/4 - a**3/2 + 455*a**2. Let l(t) = t**2 - 4*t + 3. Let r be l(2). What is the units digit of y(r)?
1
Suppose -5*m + 4*f - 5*f + 39 = 0, -f + 4 = 0. Suppose m*x = 5*x + 74. What is the tens digit of x?
3
Let m = 159 - 157. Suppose -3*b + 3043 = m*j, -4*j - 4542 = -7*j + 3*b. What is the units digit of j?
7
What is the thousands digit of (-1908)/(-2226) - 52431/(-7)?
7
What is the tens digit of (-234934)/679*(1 - 3)*23/4?
7
Suppose 5*q - 3 = 5*p + 2, 5*q = -3*p + 29. Let z be -5*(q - 5 - 3). What is the units digit of ((-6)/16)/((-12)/200)*z?
5
Let f be (6/4 - 2)*36 + -2. What is the tens digit of -9*((-4352)/40 - (-4)/f)?
8
Suppose 4*o = -3*x - 6374 + 38528, -4*x + 4*o + 42872 = 0. What is the hundreds digit of x?
7
Suppose 2*x - 24230 = 3*g, 11*x - 5*g = 9*x + 24242. What is the tens digit of x?
0
Suppose 285*n + 11312 = 313*n. Let i(q) = 60*q - 4. Let o be i(-4). Let a = o + n. What is the units digit of a?
0
Let a(z) = -3*z**2 + 36*z - 1. Let b be a(12). Let i(v) = 86*v**2 + 17*v + 1. What is the tens digit of i(b)?
7
Suppose -4*g - 4 = 0, 6*h + 4*g - 18 = 5*h. Suppose -5*v = m + h, -5*m - 2*v - 2*v - 5 = 0. What is the units digit of m?
3
Let z be 3 + 1 + 46/(-23). Suppose 5*x + 652 = 3*v + v, x - z*v = -128. What is the tens digit of -2 - (2 + x + (-1 - -3))?
2
What is the tens digit of (-4910)/(49/(-84)*4 - (-4)/12)?
5
Let o = 109 - 106. Suppose 0 = -3*q + o*p + 78, -6*q + 3*q + 82 = -4*p. What is the units digit of q?
2
Suppose -38371 - 1454627 = -5*g - 34*g. What is the ten thousands digit of g?
3
Let n = 322 + -135. Suppose 1193 = 5*a - n. What is the tens digit of a?
7
Suppose -5*n = -2*q + 4128, q + 2*n - 1836 - 237 = 0. Let z = q + -1150. What is the units digit of z?
9
Let t = 92694 - 31588. What is the units digit of t?
6
Let u(m) = 133*m + 33. Let y be u(-4). What is the tens digit of (-30)/12 + y/(-2)?
4
Suppose 4*h + 4*j = 32, 5*j - 35 = -3*h - 13. Suppose -5*y + 3*o + 214 = 0, -2*y + 4*o - 52 = -3*y. Let u = y + h. What is the tens digit of u?
5
Suppose 4*y = -3*v + 98648, 3429*y - 3422*y - 98636 = -3*v. What is the ten thousands digit of v?
3
Let q = 38762 + -17070. What is the thousands digit of q?
1
Let i = -31 - 15. Let r = i + 49. Suppose 2*l - 5*f = 205, -8*l + r*l + 470 = -4*f. What is the units digit of l?
0
What is the units digit of (12 - 0 - 17)/(-1) + 1*25834?
9
What is the units digit of 87999/18 - (51/170)/(9/(-5))?
9
Let l(q) = 5670*q + 9. What is the tens digit of l(1)?
7
Let r(j) = 43*j**2 + 19*j + 415. What is the units digit of r(-10)?
5
Suppose r - 2*g - 21 = 2*g, -3*r - 2*g + 7 = 0. Suppose -r*u - 4*d + 164 = 0, -d + 67 = 2*u + 2*d. What is the units digit of (-3)/((-36)/u)*39?
4
What is the units digit of 2/(-10 + 157168/15716)?
9
Suppose 4*k = 512 + 1128. Let u = k - 289. What is the hundreds digit of u?
1
Let a = 173531 + -97666. What is the tens digit of a?
6
Suppose -2*o + u + 5 = 0, -2*o - 4*u = -0*o - 30. Let q(y) = -o*y + 3 + 1 - 15*y + 1. What is the units digit of q(-7)?
5
Let z = 99 - 97. Let p be (z - 536/(-6))*9/6. Suppose -6*t + p = -205. What is the units digit of t?
7
Let m(i) be the third derivative of i**5/20 + i**4/4 - 7*i**3/6 + 12*i**2. Let b be m(1). Suppose -43 = -b*l - 7. What is the units digit of l?
8
Let w be -36*(-3 + 7 + (-3 - 13)). What is the tens digit of w - 5/15*-15?
3
Let n(a) = -a**3 - 14*a**2 + 13*a - 28. Let x be n(-15). Suppose -x*f = -899 + 19. What is the units digit of f?
0
What is the units digit of ((-6362)/4)/((-7)/(-98)*-1)?
7
Suppose 3*l + 0*k - 4*k = 3, -5*l = 3*k + 24. Let u be (6/(-9))/((4/l)/4). Suppose 290 = u*r + 5*a, 0 = -2*r + a + 73 + 205. What is the hundreds digit of r?
1
Let b = -7363 + 13824. What is the tens digit of b?
6
What is the hundreds digit of ((-18)/(-10))/(25/(-125)) - (-1581190)/26?
8
Let h = -47376 + 77134. What is the units digit of h?
8
Let i(j) = -108*j**3. Suppose 0 = -11*b + 570 + 167. Let v = -68 + b. What is the units digit of i(v)?
8
Let q(i) = 87*i - 45. Let t(p) = 2. Let w(h) = -q(h) - 18*t(h). What is the thousands digit of w(-16)?
1
Suppose -2*p = 5*k - 44794 - 4187, -5*k - 196049 = -8*p. What is the ten thousands digit of p?
2
Let x = 7305 + 14411. What is the units digit of x?
6
Suppose -5*g - 211 = 3*i, 4*i - 3*g + 311 = -9. Let t = 81 + i. Suppose -3*q + t*b - 9*b = -853, q - 2*b = 266. What is the tens digit of q?
7
Let a(z) = 1019*z - 4834. What is the units digit of a(38)?
8
Let l = -52 + 26. Let d = 29 + l. Suppose 0 = -5*s + d*f - f + 657, -4*s + 2*f + 526 = 0. What is the tens digit of s?
3
Suppose -1105 = -13*o - 3523. Let p = 259 + o. What is the tens digit of p?
7
Let g(w) = -3*w + 2. Let d be g(0). Suppose -i + d*j + 193 = 0, -i + 13*j + 194 = 10*j. What is the units digit of i?
1
Let m = -227 + -73. Let n = 468 + m. What is the tens digit of n?
6
Suppose 2*f - 3272 - 5062 = 0. Suppose 745 = 4*i - f. What is the tens digit of i?
2
Suppose 9*n + 15 = 14*n. Let b(q) = q**2 - 9*q**2 - q**n + q - 17*q + 27*q**2 + 36. What is the tens digit of b(18)?
7
Let l(x) = x**3 - x**2 - 4*x + 232. Let p be l(0). Suppose 5*t - 178 - p = 0. Suppose w - t = -y, 3*y + 22 = -w + 94. What is the tens digit of w?
8
Let t(o) = 1990*o + 1743. What is the hundreds digit of t(27)?
4
What is the thousands digit of 14/(-42)*-1 - 31726/(-6)?
5
Let n(z) = -z**2 + 9*z + 10. Let s be n(11). Let x be 10 - (s/4 - -1). Let j(h) = -h**2 + 16*h - 11. What is the tens digit of j(x)?
3
Suppose -58596 = -10*b + 8114. What is the units digit of b?
1
Suppose -5*b = 2*k - 46, -b = -2*k + 22 + 48. Suppose 0 = 32*y - k*y + 487. What is the hundreds digit of y?
4
Suppose 137*g = 131*g + 36. What is the units digit of -1 - (-628 + -1 - g)?
4
Let v = -124 - -126. Suppose 5*o - v*l - 4090 = -715, 0 = o - 2*l - 683. What is the units digit of o?
3
Let p = 47 + -47. Let x(q) = q**3 + q**2 + 6. Let f be x(p). Suppose 7*c - 2990 = -f*c. What is the tens digit of c?
3
Let y(t) = -2*t**3 + 129*t**2 + 144*t + 186. What is the ten thousands digit of y(60)?
4
Suppose 3*l - 47 = 49. Suppose -39*a + l*a = -252. What is the units digit of a?
6
Let b(w) = 1650*w - 1833. What is the tens digit of b(4)?
6
Suppose -4*q - w - 12 = 16, -q = -3*w - 6. Let m be (-36)/(-54) + 52/q. Let l(n) = n + 32. What is the units digit of l(m)?
4
Suppose -3*r + 4*z = -r - 476, -1012 = -4*r - 4*z. Let u = r - 8. Suppose 2*v + 96 = 2*w - 0*v, u = 5*w - v. What is the tens digit of w?
4
Let a(j) = 46*j - 26. Let t be a(5). Suppose m = 1 + t. What is the units digit of m?
5
What is the thousands digit of (-6711510)/(-182) + 10/(-7)?
6
Let u = -4 + 0. Let p be (-3 - -1)/(u + 3). What is the tens digit of (p/(-6))/((-2)/174)?
2
Suppose 72901*s = 72878*s + 133883. What is the units digit of s?
1
Suppose -21*q = -3 - 165. Suppose 0 = k - q + 4. What is the units digit of k?
4
Suppose -48*z = 45*z + 5*z - 1050952. What is the thousands digit of z?
0
Let c = -10564 + 27226. What is the tens digit of c/28 - (-5)/(-70)?
9
What is the thousands digit of 160*46 + 10 + -7?
7
Suppose 3*d - 12 = -57. Let c(m